a + 7, 3*a = 18. What is v(b)?
-7
Let q(j) = 5*j**2 + 100*j + 29. Let y(w) = -2*w**2 - 43*w - 14. Let p(v) = 3*q(v) + 7*y(v). Calculate p(6).
19
Let j(o) be the first derivative of 3*o**2/2 - 2*o - 136. Let k(y) = -y**3 - 3*y**2 - 2*y - 3. Let z be k(-3). What is j(z)?
7
Let h(i) = -17*i + 110. Suppose -y = 5*b - 2, -9*b = 5*y - 13*b - 39. Determine h(y).
-9
Let s(q) be the second derivative of q**5/20 + 13*q**4/12 + q**3/6 + 3*q**2 + 1320*q. Give s(-13).
-7
Suppose 3*u + 9 = 0, -y - 30 = 3*u + 6. Let o = y - -30. Let t(g) = 3*g**2 + 11*g + o*g**2 - 7*g**2 - 15. What is t(10)?
-5
Let v(s) = -12*s - 103 - 5*s + 102. What is v(-3)?
50
Suppose -29*v - 8*v + v + 828 = 0. Let b(y) = -y**3 + 25*y**2 - 48*y + 30. Determine b(v).
-16
Let f(d) = 2*d**3 - 2*d**2 - 3*d + 2. Suppose 82*i + 948 = 79*i. Let h = i - -318. Calculate f(h).
4
Let f(w) = -9*w**2 + 21*w - 34. Let i(r) = -4*r**2 + 13*r - 21. Let m(o) = -3*f(o) + 5*i(o). What is m(2)?
29
Let k = 12508 - 12491. Suppose -177 = -5*q - 52. Let v(u) = -2 + q*u + 4 + k*u - 45*u. Determine v(3).
-7
Let t be -2*(-3)/(-6) - -4. Let f be 4*(-3)/12*t. Let a(o) be the third derivative of o**6/120 + o**5/12 + o**4/8 - o**3/6 - 2*o**2 + 107*o. Determine a(f).
8
Let d(z) = 8*z + 11*z + 12*z + 3 - 28*z. Suppose -5*f + 127 = 3*j, -j + 7*f + 41 = 8*f. Let c = j - 35. Give d(c).
15
Let j = 10 + -8. Suppose -2*p = j*p. Let k(z) = -15*z - 16. Let r(n) = 34*n + 41. Let o(f) = -9*k(f) - 4*r(f). Calculate o(p).
-20
Let t(j) = 11*j**2 - 73*j + 63. Let x(n) = -8*n**2 + 49*n - 43. Let h(r) = -5*t(r) - 7*x(r). Calculate h(-22).
-14
Suppose 138 - 3 = 23*r - 3. Let g(f) = f**3 - 7*f**2 + 6*f + 37. Give g(r).
37
Suppose 0*q - 3 = q. Let z(b) = 7*b. Let j(c) = -4*c. Let x(y) = q*z(y) - 5*j(y). Let h(v) = 2*v**2 + 60*v + 59. Let i be h(-29). Calculate x(i).
-1
Let u(t) = t + 2. Let v(d) = -2*d**2 + 4. Let h be v(-3). Let b be 10*(h/30 + (-1)/3). Let o be (-5 - b)/3 - (8 + -1). Determine u(o).
-4
Let u be -2*(5 + 1 + -3). Let h = -5 - u. Let b(y) be the second derivative of -3*y**5/10 + y**4/6 - y**3/6 - 742*y. Give b(h).
-5
Let p(f) = 7*f + f + 7 + 7*f**2 - f + f**3. Suppose 97 = -3*j + t, 2*j + 64 - 8 = 5*t. Let l be j/(-330) + (91/(-10) - -3). Calculate p(l).
1
Let v(t) = 3*t**2 - 1 - 2*t**2 - 6*t - t**2 + 8 + t**2. Calculate v(5).
2
Let d(r) = -r**2 - 2. Let u be 6/(-2 - 1) + (-60)/(-12). Let w be (-4 + (u - 0) - 3)/(-1). Suppose 5*b = -15, 0 = 5*z - 3*z + w*b + 8. What is d(z)?
-6
Let l(b) = -b**2 + 4*b + 20. Let v = 17913 + -17916. What is l(v)?
-1
Let t be (-10)/4*(67 - 65). Let v be ((-348)/(-290))/(3/t). Let r(p) = p**2 - 1. Determine r(v).
3
Let b(z) = -160*z - 3*z**2 + 90*z + 30 + 4*z**2 + 85*z. Let o be b(-13). Let c(f) = -5 + 3*f + 13 - o*f. What is c(7)?
1
Let v(h) = -2*h**2 - 323*h - 1865. Let r be v(-6). Let n(z) = 74*z - 2. Calculate n(r).
72
Let x = -3435 - -3431. Let m(u) = u**3 + 2*u**2 - 2*u + 11. Give m(x).
-13
Let g = 226 - 221. Let q(f) = 4*f**2 + g*f**3 - 785 - 7*f + 781 - 4*f**3. Determine q(-5).
6
Let q(w) = w**3 + 7*w**2 + 7*w - 4*w**3 + 2*w**3 + 8 + 2*w**3. Suppose -2*c = -228 + 240. Calculate q(c).
2
Let f(m) = 23*m - 4. Let p = -39 + 22. Let j(n) = -8*n + 1. Let i(k) = p*j(k) - 6*f(k). Suppose -46*z + 96 - 65 = -199. Give i(z).
-3
Let u be (-38)/152 + 1 + (-33)/(-4). Let w = -6 + u. Let r(a) = 3 + 0*a - a**w - a - 6*a + 0*a - 7*a**2. Calculate r(-6).
9
Let o(b) = -3 - 25*b + 45*b - 16*b + 10. Let v be ((-7)/((-35)/2))/(2/30). What is o(v)?
31
Let f(k) be the first derivative of 2/3*k**3 + 0*k**2 + 23 + 1/120*k**5 + 0*k - 5/24*k**4. Let g(j) be the third derivative of f(j). Calculate g(8).
3
Let g(m) = 17*m + 597. Let p be g(-31). Let x be (2/4)/(2/(-284)). Let k = p + x. Let f(v) = -9*v - 1. Calculate f(k).
8
Let i = -4999 + 5008. Let k(l) be the second derivative of -i*l + 1/3*l**3 + 0 - 1/2*l**2. Determine k(3).
5
Let j(n) = 3 + 3*n**2 + 14*n + n**2 - 1 + 9*n**2 - n**3. Let c be j(14). Let w be 3/(-6) + 90/(-12) + c. Let g(m) = -2*m - 5. What is g(w)?
7
Let h(q) = -q**2 + 4*q + 4. Suppose -51 = -13*z + 16*z. Let d = 94 - z. Let w be d/21 + (-2)/7. Determine h(w).
-1
Let y(d) = d**3 + 2*d**2 - 3*d + 22. Let x be (1/((-7)/(-8)))/((-778)/2723). Determine y(x).
2
Suppose -2*a = -0*a + 30. Let q be a/(-25) - 234/(-10). Suppose -4*t = q + 4. Let o(i) = -i**2 - 6*i + 4. Give o(t).
-3
Let l be 4/18*-1*(-63)/(-84)*-12. Let c(p) = p**3 - p**2 - 2*p - 9. Determine c(l).
-9
Suppose -2*b = 5*z + 12, 2*b - z - 7 = 5. Let u(p) = 20*p - b + 3 + 8 + 10. Let j(q) = 7*q + 6. Let k(c) = 17*j(c) - 6*u(c). What is k(2)?
-2
Suppose -21*q + 110 = 5*n - 24*q, 5*n + 5*q = 70. Let c be n/209 - (-142)/11. Let u(l) = -l**3 + 12*l**2 + 12*l + 5. Determine u(c).
-8
Let k(f) = 2*f - 8. Let q be k(6). Let g be (-9)/(q - 20/8). Let u(n) = -449 + 0*n - n**3 - 7*n**2 - n + 453 - 4*n. Calculate u(g).
-2
Let k(g) be the first derivative of -g**4/4 + 17*g**3/3 + 3*g**2/2 + 38*g + 640. Calculate k(17).
89
Let s(r) = -10731 - 10699 + r + 21418 + r**2. Suppose -25 = 4*a - 5*y, a - 2*y = -5*y + 15. Determine s(a).
-12
Let s(a) = -a**2 + 3*a + 19. Let j = 2686 - 2679. Calculate s(j).
-9
Suppose -5 - 39 = 66*h - 242. Let g(m) = -3*m**3 + 15*m**2 - 18*m - 4. What is g(h)?
-4
Let s(u) be the first derivative of -u**2 - 62. Let w(l) = l**3 + l**2 - l + 18. Let z be w(0). Let j = -13 + z. Calculate s(j).
-10
Let g(b) = -b**3 - 54*b**2 + 109*b - 163. Let k be ((-32)/12*3)/((-22)/(-154)). What is g(k)?
5
Let i(g) = 10*g + 3. Let x(h) = 31*h + 9. Let t(l) = 7*i(l) - 2*x(l). Suppose -k + 4 = -5*s - 12, -k + s = 0. Calculate t(k).
-29
Let q(g) = g**3 - 19*g**2 + 5. Let r be q(19). Let n(w) = -4*w**2 + 7*w + 6. Let d(l) = 7*l**2 - 11*l - 13. Let i(o) = r*n(o) + 3*d(o). Calculate i(-4).
-1
Let n(r) = r - 18. Suppose 0 = -5*u + i + 14, 6*u = 10*u + i - 4. What is n(u)?
-16
Let m(t) = -t. Let q(j) = -j**2 - 5*j - 21. Let v(a) = 2*a**3 - 2*a**2 - 23*a - 1. Let l be v(-3). Let p(g) = l*m(g) + q(g). What is p(0)?
-21
Let n(c) = -41*c**2 + 4224*c - 109. Let q be n(103). Let o(r) = -9*r - 16. What is o(q)?
38
Let w(s) = -s**3 - 4*s**2 + 14*s + 3. Let x(o) = 2*o + 24. Let f be x(-15). Give w(f).
-9
Let f(a) be the third derivative of a**4/24 + 13*a**3/6 - 2147*a**2. Suppose 7*d - 2*d + 30 = 0. What is f(d)?
7
Let v(z) = -74*z**2 + 21 + 176*z**2 - z**3 - 2*z - 83*z**2 - 18*z. Calculate v(18).
-15
Let t(z) = 5*z. Let h be t(7). Let g = h + -31. Let r(b) = b**3 - 5*b**2 + b + 1. Determine r(g).
-11
Let x(o) = -3 + 36*o - 34*o + 1 + 3. Suppose 5*q = 4*r - 9*r + 85, -2*q + 5*r + 62 = 0. Let n be (-26)/(-7) - (-6)/q. What is x(n)?
9
Let a(p) be the first derivative of 13*p**2/2 - 137*p - 811. Give a(10).
-7
Let l(i) = -i**3 + 2*i**2 - 1. Let o = -36 - -68. Suppose 112 = 3*z + k, 3*k - o = -2*z + z. Let t = z + -35. What is l(t)?
-10
Let t(h) = 7*h + 0 - 2 - 2*h. Let s(j) = -8*j**3 - 519*j**2 + 66*j + 64. Let o be s(-65). What is t(o)?
-7
Let r(o) = -3*o + 11. Let a(b) = -81 - 74 + 7*b + 156 + 3*b**2. Let u be a(-3). Determine r(u).
-10
Let z(y) = -y**3 - 14*y**2 - 14*y + 12. Let o(s) = 11*s**2 - 19*s + 80. Let g be o(5). Suppose 18*k + 2*k + g = 0. Determine z(k).
25
Let g(q) = q - 6. Let d(r) = -2*r**2 + 9*r - 7. Let w be d(5). Let l = -22 - w. Let a(t) = t**3 + 11*t**2 + 11*t + 17. Let u be a(l). Determine g(u).
1
Let n(y) = -7*y**3 - 4*y**2 - 3*y + 4. Let i(l) = -10*l**3 - 5*l**2 - 5*l + 6. Let g be (2 + -1)/(5/(-25)). Let r(v) = g*i(v) + 7*n(v). Determine r(3).
10
Let u = 19001 - 19029. Let g(f) = -f**2 - 52*f - 674. Give g(u).
-2
Let o(m) = -14015 - m**2 + 14019 - 4*m + 4*m. Calculate o(2).
0
Let z(b) = -b**2 + b - 2. Let f(q) = 29*q + 1625. Let y be f(-56). Give z(y).
-2
Let a(h) = -3*h**2 - 30*h - 4. Suppose -28*c + 139 = 419. Let g be a(c). Let w(t) = 4 + 4*t**2 - 2 - 4*t - 3 + t**3. What is w(g)?
15
Let b(w) = 1 + 0 - 2 + 5*w - w**2. Let z be (-321)/(-428) - 52/(-16). Calculate b(z).
3
Let d(c) = -98*c + 3. Let s(o) = 54*o - 2. Let i(x) = 4*d(x) + 7*s(x). Give i(-1).
12
Let x(z) = 3*z**2 - 3*z - 6. Let i be (-6*2/(-9))/(2/(-6)). Let g(f) = 8*f**2 - 9*f - 17. Let t(a) = i*g(a) + 11*x(a). Give t(-5).
12
Let u(b) = -b - 1. Suppose 481 = -5*s - 5*o + 56, -5*s = -o + 395. Let j be (-272)/s - (-2)/(-5). Suppose 6*c = -4*n + c - 3, -3*n = j*c + 3. Calculate u(n